{"id":51304,"date":"2012-11-11T17:08:33","date_gmt":"2012-11-11T17:08:33","guid":{"rendered":"https:\/\/www.cercledart.com\/produit\/fred-deux-la-chair-du-double\/"},"modified":"2025-05-02T13:52:07","modified_gmt":"2025-05-02T11:52:07","slug":"fred-deux-la-chair-du-double","status":"publish","type":"product","link":"https:\/\/www.cercledart.com\/en\/produit\/fred-deux-la-chair-du-double\/","title":{"rendered":"Fred Deux, La chair du double"},"content":{"rendered":"<p>L&#8217;\u0153uvre de Fred Deux conjoint jeunesse et maturit\u00e9 dans un mouvement naturel qui n&#8217;affecte ni une reconnaissance d\u00e9j\u00e0 fort longue, ni un succ\u00e8s plus r\u00e9cent.<br \/>\nIl est m\u00eame probable qu&#8217;elle entretient avec eux une relation d&#8217;\u00e9preuve, qui doit ressembler \u00e0 celle qu&#8217;entretiennent le dessin et la vie quotidienne.<\/p>\n<p>Autrement dit, l&#8217;artiste s&#8217;offre ici tout entier \u00e0 l&#8217;expression qui devient sienne,\u00a0\u00a0non par volont\u00e9 d&#8217;appropriation et de signature, mais par l&#8217;accueil et par le don &#8211; postures que la suite pr\u00e9cisera, et qui sont aux antipodes de l&#8217;art d\u00e9coratif aujourd&#8217;hui \u00e0 la mode.<\/p>\n<p>D&#8217;o\u00f9 vient cette sensation qui s&#8217;impose avec insistance\u00a0? Elle ne vient pas tant des formes organiques que de la certitude acquise \u00e0 la fr\u00e9quentation que ces dessins sont l&#8217;empreinte multiforme d&#8217;une vitalit\u00e9 aux avatars innombrables.<\/p>\n<p>Vitalit\u00e9 d\u00e9pos\u00e9e non pas telle qu&#8217;en elle-m\u00eame, mais telle qu&#8217;\u00e0 elle-m\u00eame la r\u00e9v\u00e8lent ses relations avec les formes qu&#8217;elle accueille et qui, incorpor\u00e9es par cet accueil, deviennent les doubles indispensables\u00a0 l&#8217;expression de ses \u00e9tats.<\/p>\n<p>L&#8217;aspect organique est une cons\u00e9quence, et non pas, comme il semble d&#8217;abord, le r\u00e9sultat d&#8217;un choix th\u00e9matique\u00a0; ce n&#8217;est d&#8217;ailleurs pas un th\u00e8me, mais le langage suscit\u00e9 par une n\u00e9cessit\u00e9. Bernard No\u00ebl<\/p>\n","protected":false},"excerpt":{"rendered":"<p>L&#8217;\u0153uvre de Fred Deux conjoint jeunesse et maturit\u00e9 dans un mouvement naturel qui n&#8217;affecte ni une reconnaissance d\u00e9j\u00e0 fort longue, ni un succ\u00e8s plus r\u00e9cent. Il est m\u00eame probable qu&#8217;elle entretient avec eux une relation d&#8217;\u00e9preuve, qui doit ressembler \u00e0 celle qu&#8217;entretiennent le dessin et la vie quotidienne. Autrement dit, l&#8217;artiste s&#8217;offre ici tout entier [&hellip;]<\/p>\n","protected":false},"featured_media":4742,"template":"","meta":{"_acf_changed":false,"om_disable_all_campaigns":false,"_exactmetrics_skip_tracking":false,"_exactmetrics_sitenote_active":false,"_exactmetrics_sitenote_note":"","_exactmetrics_sitenote_category":0,"_monsterinsights_skip_tracking":false,"_monsterinsights_sitenote_active":false,"_monsterinsights_sitenote_note":"","_monsterinsights_sitenote_category":0,"_uf_show_specific_survey":0,"_uf_disable_surveys":false},"product_brand":[],"product_cat":[528,546],"product_tag":[],"class_list":{"0":"post-51304","1":"product","2":"type-product","3":"status-publish","4":"has-post-thumbnail","6":"product_cat-livres","7":"product_cat-non-categorise","10":"first","11":"outofstock","12":"taxable","13":"shipping-taxable","14":"purchasable","15":"product-type-simple"},"acf":[],"yoast_head":"<!-- This site is optimized with the Yoast SEO plugin v27.5 - https:\/\/yoast.com\/product\/yoast-seo-wordpress\/ -->\n<title>Fred Deux, La chair du double - \u00c9ditions Cercle d&#039;Art<\/title>\n<meta name=\"robots\" content=\"index, follow, max-snippet:-1, max-image-preview:large, max-video-preview:-1\" \/>\n<link rel=\"canonical\" href=\"https:\/\/www.cercledart.com\/en\/produit\/fred-deux-la-chair-du-double\/\" \/>\n<meta property=\"og:locale\" content=\"en_US\" \/>\n<meta property=\"og:type\" content=\"article\" \/>\n<meta property=\"og:title\" content=\"Fred Deux, La chair du double - \u00c9ditions Cercle d&#039;Art\" \/>\n<meta property=\"og:description\" content=\"L&#8217;\u0153uvre de Fred Deux conjoint jeunesse et maturit\u00e9 dans un mouvement naturel qui n&#8217;affecte ni une reconnaissance d\u00e9j\u00e0 fort longue, ni un succ\u00e8s plus r\u00e9cent. Il est m\u00eame probable qu&#8217;elle entretient avec eux une relation d&#8217;\u00e9preuve, qui doit ressembler \u00e0 celle qu&#8217;entretiennent le dessin et la vie quotidienne. Autrement dit, l&#8217;artiste s&#8217;offre ici tout entier [&hellip;]\" \/>\n<meta property=\"og:url\" content=\"https:\/\/www.cercledart.com\/en\/produit\/fred-deux-la-chair-du-double\/\" \/>\n<meta property=\"og:site_name\" content=\"\u00c9ditions Cercle d&#039;Art\" \/>\n<meta property=\"article:modified_time\" content=\"2025-05-02T11:52:07+00:00\" \/>\n<meta property=\"og:image\" content=\"https:\/\/www.cercledart.com\/wp-content\/uploads\/2012\/11\/513_freddeux.jpg\" \/>\n\t<meta property=\"og:image:width\" content=\"340\" \/>\n\t<meta property=\"og:image:height\" content=\"400\" \/>\n\t<meta property=\"og:image:type\" content=\"image\/jpeg\" \/>\n<meta name=\"twitter:card\" content=\"summary_large_image\" \/>\n<meta name=\"twitter:label1\" content=\"Est. reading time\" \/>\n\t<meta name=\"twitter:data1\" content=\"1 minute\" \/>\n<script type=\"application\/ld+json\" class=\"yoast-schema-graph\">{\"@context\":\"https:\\\/\\\/schema.org\",\"@graph\":[{\"@type\":\"WebPage\",\"@id\":\"https:\\\/\\\/www.cercledart.com\\\/en\\\/produit\\\/fred-deux-la-chair-du-double\\\/\",\"url\":\"https:\\\/\\\/www.cercledart.com\\\/en\\\/produit\\\/fred-deux-la-chair-du-double\\\/\",\"name\":\"Fred Deux, La chair du double - \u00c9ditions Cercle d&#039;Art\",\"isPartOf\":{\"@id\":\"https:\\\/\\\/www.cercledart.com\\\/en\\\/#website\"},\"primaryImageOfPage\":{\"@id\":\"https:\\\/\\\/www.cercledart.com\\\/en\\\/produit\\\/fred-deux-la-chair-du-double\\\/#primaryimage\"},\"image\":{\"@id\":\"https:\\\/\\\/www.cercledart.com\\\/en\\\/produit\\\/fred-deux-la-chair-du-double\\\/#primaryimage\"},\"thumbnailUrl\":\"https:\\\/\\\/www.cercledart.com\\\/wp-content\\\/uploads\\\/2012\\\/11\\\/513_freddeux.jpg\",\"datePublished\":\"2012-11-11T17:08:33+00:00\",\"dateModified\":\"2025-05-02T11:52:07+00:00\",\"breadcrumb\":{\"@id\":\"https:\\\/\\\/www.cercledart.com\\\/en\\\/produit\\\/fred-deux-la-chair-du-double\\\/#breadcrumb\"},\"inLanguage\":\"en-US\",\"potentialAction\":[{\"@type\":\"ReadAction\",\"target\":[\"https:\\\/\\\/www.cercledart.com\\\/en\\\/produit\\\/fred-deux-la-chair-du-double\\\/\"]}]},{\"@type\":\"ImageObject\",\"inLanguage\":\"en-US\",\"@id\":\"https:\\\/\\\/www.cercledart.com\\\/en\\\/produit\\\/fred-deux-la-chair-du-double\\\/#primaryimage\",\"url\":\"https:\\\/\\\/www.cercledart.com\\\/wp-content\\\/uploads\\\/2012\\\/11\\\/513_freddeux.jpg\",\"contentUrl\":\"https:\\\/\\\/www.cercledart.com\\\/wp-content\\\/uploads\\\/2012\\\/11\\\/513_freddeux.jpg\",\"width\":340,\"height\":400},{\"@type\":\"BreadcrumbList\",\"@id\":\"https:\\\/\\\/www.cercledart.com\\\/en\\\/produit\\\/fred-deux-la-chair-du-double\\\/#breadcrumb\",\"itemListElement\":[{\"@type\":\"ListItem\",\"position\":1,\"name\":\"Accueil\",\"item\":\"https:\\\/\\\/www.cercledart.com\\\/en\\\/\"},{\"@type\":\"ListItem\",\"position\":2,\"name\":\"Shop\",\"item\":\"https:\\\/\\\/www.cercledart.com\\\/en\\\/shop\\\/\"},{\"@type\":\"ListItem\",\"position\":3,\"name\":\"Fred Deux, La chair du double\"}]},{\"@type\":\"WebSite\",\"@id\":\"https:\\\/\\\/www.cercledart.com\\\/en\\\/#website\",\"url\":\"https:\\\/\\\/www.cercledart.com\\\/en\\\/\",\"name\":\"\u00c9ditions Cercle d&#039;Art\",\"description\":\"\",\"publisher\":{\"@id\":\"https:\\\/\\\/www.cercledart.com\\\/en\\\/#organization\"},\"potentialAction\":[{\"@type\":\"SearchAction\",\"target\":{\"@type\":\"EntryPoint\",\"urlTemplate\":\"https:\\\/\\\/www.cercledart.com\\\/en\\\/?s={search_term_string}\"},\"query-input\":{\"@type\":\"PropertyValueSpecification\",\"valueRequired\":true,\"valueName\":\"search_term_string\"}}],\"inLanguage\":\"en-US\"},{\"@type\":\"Organization\",\"@id\":\"https:\\\/\\\/www.cercledart.com\\\/en\\\/#organization\",\"name\":\"Cercle d'Art\",\"url\":\"https:\\\/\\\/www.cercledart.com\\\/en\\\/\",\"logo\":{\"@type\":\"ImageObject\",\"inLanguage\":\"en-US\",\"@id\":\"https:\\\/\\\/www.cercledart.com\\\/en\\\/#\\\/schema\\\/logo\\\/image\\\/\",\"url\":\"https:\\\/\\\/www.cercledart.com\\\/wp-content\\\/uploads\\\/2025\\\/04\\\/LogoCA2025.png\",\"contentUrl\":\"https:\\\/\\\/www.cercledart.com\\\/wp-content\\\/uploads\\\/2025\\\/04\\\/LogoCA2025.png\",\"width\":896,\"height\":101,\"caption\":\"Cercle d'Art\"},\"image\":{\"@id\":\"https:\\\/\\\/www.cercledart.com\\\/en\\\/#\\\/schema\\\/logo\\\/image\\\/\"}}]}<\/script>\n<!-- \/ Yoast SEO plugin. -->","yoast_head_json":{"title":"Fred Deux, La chair du double - \u00c9ditions Cercle d&#039;Art","robots":{"index":"index","follow":"follow","max-snippet":"max-snippet:-1","max-image-preview":"max-image-preview:large","max-video-preview":"max-video-preview:-1"},"canonical":"https:\/\/www.cercledart.com\/en\/produit\/fred-deux-la-chair-du-double\/","og_locale":"en_US","og_type":"article","og_title":"Fred Deux, La chair du double - \u00c9ditions Cercle d&#039;Art","og_description":"L&#8217;\u0153uvre de Fred Deux conjoint jeunesse et maturit\u00e9 dans un mouvement naturel qui n&#8217;affecte ni une reconnaissance d\u00e9j\u00e0 fort longue, ni un succ\u00e8s plus r\u00e9cent. Il est m\u00eame probable qu&#8217;elle entretient avec eux une relation d&#8217;\u00e9preuve, qui doit ressembler \u00e0 celle qu&#8217;entretiennent le dessin et la vie quotidienne. Autrement dit, l&#8217;artiste s&#8217;offre ici tout entier [&hellip;]","og_url":"https:\/\/www.cercledart.com\/en\/produit\/fred-deux-la-chair-du-double\/","og_site_name":"\u00c9ditions Cercle d&#039;Art","article_modified_time":"2025-05-02T11:52:07+00:00","og_image":[{"width":340,"height":400,"url":"https:\/\/www.cercledart.com\/wp-content\/uploads\/2012\/11\/513_freddeux.jpg","type":"image\/jpeg"}],"twitter_card":"summary_large_image","twitter_misc":{"Est. reading time":"1 minute"},"schema":{"@context":"https:\/\/schema.org","@graph":[{"@type":"WebPage","@id":"https:\/\/www.cercledart.com\/en\/produit\/fred-deux-la-chair-du-double\/","url":"https:\/\/www.cercledart.com\/en\/produit\/fred-deux-la-chair-du-double\/","name":"Fred Deux, La chair du double - \u00c9ditions Cercle d&#039;Art","isPartOf":{"@id":"https:\/\/www.cercledart.com\/en\/#website"},"primaryImageOfPage":{"@id":"https:\/\/www.cercledart.com\/en\/produit\/fred-deux-la-chair-du-double\/#primaryimage"},"image":{"@id":"https:\/\/www.cercledart.com\/en\/produit\/fred-deux-la-chair-du-double\/#primaryimage"},"thumbnailUrl":"https:\/\/www.cercledart.com\/wp-content\/uploads\/2012\/11\/513_freddeux.jpg","datePublished":"2012-11-11T17:08:33+00:00","dateModified":"2025-05-02T11:52:07+00:00","breadcrumb":{"@id":"https:\/\/www.cercledart.com\/en\/produit\/fred-deux-la-chair-du-double\/#breadcrumb"},"inLanguage":"en-US","potentialAction":[{"@type":"ReadAction","target":["https:\/\/www.cercledart.com\/en\/produit\/fred-deux-la-chair-du-double\/"]}]},{"@type":"ImageObject","inLanguage":"en-US","@id":"https:\/\/www.cercledart.com\/en\/produit\/fred-deux-la-chair-du-double\/#primaryimage","url":"https:\/\/www.cercledart.com\/wp-content\/uploads\/2012\/11\/513_freddeux.jpg","contentUrl":"https:\/\/www.cercledart.com\/wp-content\/uploads\/2012\/11\/513_freddeux.jpg","width":340,"height":400},{"@type":"BreadcrumbList","@id":"https:\/\/www.cercledart.com\/en\/produit\/fred-deux-la-chair-du-double\/#breadcrumb","itemListElement":[{"@type":"ListItem","position":1,"name":"Accueil","item":"https:\/\/www.cercledart.com\/en\/"},{"@type":"ListItem","position":2,"name":"Shop","item":"https:\/\/www.cercledart.com\/en\/shop\/"},{"@type":"ListItem","position":3,"name":"Fred Deux, La chair du double"}]},{"@type":"WebSite","@id":"https:\/\/www.cercledart.com\/en\/#website","url":"https:\/\/www.cercledart.com\/en\/","name":"\u00c9ditions Cercle d&#039;Art","description":"","publisher":{"@id":"https:\/\/www.cercledart.com\/en\/#organization"},"potentialAction":[{"@type":"SearchAction","target":{"@type":"EntryPoint","urlTemplate":"https:\/\/www.cercledart.com\/en\/?s={search_term_string}"},"query-input":{"@type":"PropertyValueSpecification","valueRequired":true,"valueName":"search_term_string"}}],"inLanguage":"en-US"},{"@type":"Organization","@id":"https:\/\/www.cercledart.com\/en\/#organization","name":"Cercle d'Art","url":"https:\/\/www.cercledart.com\/en\/","logo":{"@type":"ImageObject","inLanguage":"en-US","@id":"https:\/\/www.cercledart.com\/en\/#\/schema\/logo\/image\/","url":"https:\/\/www.cercledart.com\/wp-content\/uploads\/2025\/04\/LogoCA2025.png","contentUrl":"https:\/\/www.cercledart.com\/wp-content\/uploads\/2025\/04\/LogoCA2025.png","width":896,"height":101,"caption":"Cercle d'Art"},"image":{"@id":"https:\/\/www.cercledart.com\/en\/#\/schema\/logo\/image\/"}}]}},"_links":{"self":[{"href":"https:\/\/www.cercledart.com\/en\/wp-json\/wp\/v2\/product\/51304","targetHints":{"allow":["GET"]}}],"collection":[{"href":"https:\/\/www.cercledart.com\/en\/wp-json\/wp\/v2\/product"}],"about":[{"href":"https:\/\/www.cercledart.com\/en\/wp-json\/wp\/v2\/types\/product"}],"wp:featuredmedia":[{"embeddable":true,"href":"https:\/\/www.cercledart.com\/en\/wp-json\/wp\/v2\/media\/4742"}],"wp:attachment":[{"href":"https:\/\/www.cercledart.com\/en\/wp-json\/wp\/v2\/media?parent=51304"}],"wp:term":[{"taxonomy":"product_brand","embeddable":true,"href":"https:\/\/www.cercledart.com\/en\/wp-json\/wp\/v2\/product_brand?post=51304"},{"taxonomy":"product_cat","embeddable":true,"href":"https:\/\/www.cercledart.com\/en\/wp-json\/wp\/v2\/product_cat?post=51304"},{"taxonomy":"product_tag","embeddable":true,"href":"https:\/\/www.cercledart.com\/en\/wp-json\/wp\/v2\/product_tag?post=51304"}],"curies":[{"name":"wp","href":"https:\/\/api.w.org\/{rel}","templated":true}]}}

<p>L&#8217;œuvre de Fred Deux conjoint jeunesse et maturité dans un mouvement naturel qui n&#8217;affecte ni une reconnaissance déjà fort longue, ni un succès plus récent.<br />
Il est même probable qu&#8217;elle entretient avec eux une relation d&#8217;épreuve, qui doit ressembler à celle qu&#8217;entretiennent le dessin et la vie quotidienne.</p>
<p>Autrement dit, l&#8217;artiste s&#8217;offre ici tout entier à l&#8217;expression qui devient sienne,  non par volonté d&#8217;appropriation et de signature, mais par l&#8217;accueil et par le don &#8211; postures que la suite précisera, et qui sont aux antipodes de l&#8217;art décoratif aujourd&#8217;hui à la mode.</p>
<p>D&#8217;où vient cette sensation qui s&#8217;impose avec insistance ? Elle ne vient pas tant des formes organiques que de la certitude acquise à la fréquentation que ces dessins sont l&#8217;empreinte multiforme d&#8217;une vitalité aux avatars innombrables.</p>
<p>Vitalité déposée non pas telle qu&#8217;en elle-même, mais telle qu&#8217;à elle-même la révèlent ses relations avec les formes qu&#8217;elle accueille et qui, incorporées par cet accueil, deviennent les doubles indispensables  l&#8217;expression de ses états.</p>
<p>L&#8217;aspect organique est une conséquence, et non pas, comme il semble d&#8217;abord, le résultat d&#8217;un choix thématique ; ce n&#8217;est d&#8217;ailleurs pas un thème, mais le langage suscité par une nécessité. Bernard Noël</p>

<p>L&#8217;œuvre de Fred Deux conjoint jeunesse et maturité dans un mouvement naturel qui n&#8217;affecte ni une reconnaissance déjà fort longue, ni un succès plus récent. Il est même probable qu&#8217;elle entretient avec eux une relation d&#8217;épreuve, qui doit ressembler à celle qu&#8217;entretiennent le dessin et la vie quotidienne. Autrement dit, l&#8217;artiste s&#8217;offre ici tout entier [&hellip;]</p>

<!-- This site is optimized with the Yoast SEO plugin v27.5 - https://yoast.com/product/yoast-seo-wordpress/ -->
<title>Fred Deux, La chair du double - Éditions Cercle d&#039;Art</title>
<meta name="robots" content="index, follow, max-snippet:-1, max-image-preview:large, max-video-preview:-1" />
<link rel="canonical" href="https://www.cercledart.com/en/produit/fred-deux-la-chair-du-double/" />
<meta property="og:locale" content="en_US" />
<meta property="og:type" content="article" />
<meta property="og:title" content="Fred Deux, La chair du double - Éditions Cercle d&#039;Art" />
<meta property="og:description" content="L&#8217;œuvre de Fred Deux conjoint jeunesse et maturité dans un mouvement naturel qui n&#8217;affecte ni une reconnaissance déjà fort longue, ni un succès plus récent. Il est même probable qu&#8217;elle entretient avec eux une relation d&#8217;épreuve, qui doit ressembler à celle qu&#8217;entretiennent le dessin et la vie quotidienne. Autrement dit, l&#8217;artiste s&#8217;offre ici tout entier [&hellip;]" />
<meta property="og:url" content="https://www.cercledart.com/en/produit/fred-deux-la-chair-du-double/" />
<meta property="og:site_name" content="Éditions Cercle d&#039;Art" />
<meta property="article:modified_time" content="2025-05-02T11:52:07+00:00" />
<meta property="og:image" content="https://www.cercledart.com/wp-content/uploads/2012/11/513_freddeux.jpg" />
	<meta property="og:image:width" content="340" />
	<meta property="og:image:height" content="400" />
	<meta property="og:image:type" content="image/jpeg" />
<meta name="twitter:card" content="summary_large_image" />
<meta name="twitter:label1" content="Est. reading time" />
	<meta name="twitter:data1" content="1 minute" />
<script type="application/ld+json" class="yoast-schema-graph">{"@context":"https:\/\/schema.org","@graph":[{"@type":"WebPage","@id":"https:\/\/www.cercledart.com\/en\/produit\/fred-deux-la-chair-du-double\/","url":"https:\/\/www.cercledart.com\/en\/produit\/fred-deux-la-chair-du-double\/","name":"Fred Deux, La chair du double - Éditions Cercle d&#039;Art","isPartOf":{"@id":"https:\/\/www.cercledart.com\/en\/#website"},"primaryImageOfPage":{"@id":"https:\/\/www.cercledart.com\/en\/produit\/fred-deux-la-chair-du-double\/#primaryimage"},"image":{"@id":"https:\/\/www.cercledart.com\/en\/produit\/fred-deux-la-chair-du-double\/#primaryimage"},"thumbnailUrl":"https:\/\/www.cercledart.com\/wp-content\/uploads\/2012\/11\/513_freddeux.jpg","datePublished":"2012-11-11T17:08:33+00:00","dateModified":"2025-05-02T11:52:07+00:00","breadcrumb":{"@id":"https:\/\/www.cercledart.com\/en\/produit\/fred-deux-la-chair-du-double\/#breadcrumb"},"inLanguage":"en-US","potentialAction":[{"@type":"ReadAction","target":["https:\/\/www.cercledart.com\/en\/produit\/fred-deux-la-chair-du-double\/"]}]},{"@type":"ImageObject","inLanguage":"en-US","@id":"https:\/\/www.cercledart.com\/en\/produit\/fred-deux-la-chair-du-double\/#primaryimage","url":"https:\/\/www.cercledart.com\/wp-content\/uploads\/2012\/11\/513_freddeux.jpg","contentUrl":"https:\/\/www.cercledart.com\/wp-content\/uploads\/2012\/11\/513_freddeux.jpg","width":340,"height":400},{"@type":"BreadcrumbList","@id":"https:\/\/www.cercledart.com\/en\/produit\/fred-deux-la-chair-du-double\/#breadcrumb","itemListElement":[{"@type":"ListItem","position":1,"name":"Accueil","item":"https:\/\/www.cercledart.com\/en\/"},{"@type":"ListItem","position":2,"name":"Shop","item":"https:\/\/www.cercledart.com\/en\/shop\/"},{"@type":"ListItem","position":3,"name":"Fred Deux, La chair du double"}]},{"@type":"WebSite","@id":"https:\/\/www.cercledart.com\/en\/#website","url":"https:\/\/www.cercledart.com\/en\/","name":"Éditions Cercle d&#039;Art","description":"","publisher":{"@id":"https:\/\/www.cercledart.com\/en\/#organization"},"potentialAction":[{"@type":"SearchAction","target":{"@type":"EntryPoint","urlTemplate":"https:\/\/www.cercledart.com\/en\/?s={search_term_string}"},"query-input":{"@type":"PropertyValueSpecification","valueRequired":true,"valueName":"search_term_string"}}],"inLanguage":"en-US"},{"@type":"Organization","@id":"https:\/\/www.cercledart.com\/en\/#organization","name":"Cercle d'Art","url":"https:\/\/www.cercledart.com\/en\/","logo":{"@type":"ImageObject","inLanguage":"en-US","@id":"https:\/\/www.cercledart.com\/en\/#\/schema\/logo\/image\/","url":"https:\/\/www.cercledart.com\/wp-content\/uploads\/2025\/04\/LogoCA2025.png","contentUrl":"https:\/\/www.cercledart.com\/wp-content\/uploads\/2025\/04\/LogoCA2025.png","width":896,"height":101,"caption":"Cercle d'Art"},"image":{"@id":"https:\/\/www.cercledart.com\/en\/#\/schema\/logo\/image\/"}}]}</script>
<!-- / Yoast SEO plugin. -->

Fred Deux, La chair du double - Éditions Cercle d&#039;Art

L&#8217;œuvre de Fred Deux conjoint jeunesse et maturité dans un mouvement naturel qui n&#8217;affecte ni une reconnaissance déjà fort longue, ni un succès plus récent. Il est même probable qu&#8217;elle entretient avec eux une relation d&#8217;épreuve, qui doit ressembler à celle qu&#8217;entretiennent le dessin et la vie quotidienne. Autrement dit, l&#8217;artiste s&#8217;offre ici tout entier [&hellip;]

Éditions Cercle d&#039;Art
