{"id":51140,"date":"2012-11-11T17:08:49","date_gmt":"2012-11-11T17:08:49","guid":{"rendered":"https:\/\/www.cercledart.com\/produit\/lart-et-la-ville\/"},"modified":"2025-05-02T13:51:06","modified_gmt":"2025-05-02T11:51:06","slug":"lart-et-la-ville","status":"publish","type":"product","link":"https:\/\/www.cercledart.com\/en\/produit\/lart-et-la-ville\/","title":{"rendered":"L&#8217;art et la ville"},"content":{"rendered":"<p>Apr\u00e8s avoir publi\u00e9 <em>L&#8217;Art dans la ville<\/em> (Editions Cercle d&#8217;art, 2000) et <em>La Ville dans l&#8217;art<\/em> (Editions Cercle d&#8217;art, 2001), Jean-Luc Chalumeau s&#8217;interroge sur l&#8217;actualit\u00e9 de ces deux th\u00e8mes parmi les jeunes plasticiens d&#8217;aujourd&#8217;hui : <strong>trente artistes, presque tous n\u00e9s au milieu des ann\u00e9es 70<\/strong>, qui s&#8217;int\u00e9ressent au sujet.<\/p>\n<p>Un v\u00e9ritable panorama de la jeune cr\u00e9ation contemporaine en r\u00e9sulte. Les propositions actuelles ne t\u00e9moignent d&#8217;aucun complexe vis-\u00e0-vis de celles du pass\u00e9, elles rivalisent avec ces derni\u00e8res au contraire, et t\u00e9moignent d&#8217;une r\u00e9jouissance rivalit\u00e9.<\/p>\n","protected":false},"excerpt":{"rendered":"<p>Apr\u00e8s avoir publi\u00e9 L&#8217;Art dans la ville (Editions Cercle d&#8217;art, 2000) et La Ville dans l&#8217;art (Editions Cercle d&#8217;art, 2001), Jean-Luc Chalumeau s&#8217;interroge sur l&#8217;actualit\u00e9 de ces deux th\u00e8mes parmi les jeunes plasticiens d&#8217;aujourd&#8217;hui : trente artistes, presque tous n\u00e9s au milieu des ann\u00e9es 70, qui s&#8217;int\u00e9ressent au sujet. Un v\u00e9ritable panorama de la jeune [&hellip;]<\/p>\n","protected":false},"featured_media":4916,"template":"","meta":{"_acf_changed":false,"om_disable_all_campaigns":false,"_exactmetrics_skip_tracking":false,"_exactmetrics_sitenote_active":false,"_exactmetrics_sitenote_note":"","_exactmetrics_sitenote_category":0,"_monsterinsights_skip_tracking":false,"_monsterinsights_sitenote_active":false,"_monsterinsights_sitenote_note":"","_monsterinsights_sitenote_category":0,"_uf_show_specific_survey":0,"_uf_disable_surveys":false},"product_brand":[],"product_cat":[528,546],"product_tag":[],"class_list":{"0":"post-51140","1":"product","2":"type-product","3":"status-publish","4":"has-post-thumbnail","6":"product_cat-livres","7":"product_cat-non-categorise","10":"first","11":"outofstock","12":"taxable","13":"shipping-taxable","14":"purchasable","15":"product-type-simple"},"acf":[],"yoast_head":"<!-- This site is optimized with the Yoast SEO plugin v27.5 - https:\/\/yoast.com\/product\/yoast-seo-wordpress\/ -->\n<title>L&#8217;art et la ville - \u00c9ditions Cercle d&#039;Art<\/title>\n<meta name=\"robots\" content=\"index, follow, max-snippet:-1, max-image-preview:large, max-video-preview:-1\" \/>\n<link rel=\"canonical\" href=\"https:\/\/www.cercledart.com\/en\/produit\/lart-et-la-ville\/\" \/>\n<meta property=\"og:locale\" content=\"en_US\" \/>\n<meta property=\"og:type\" content=\"article\" \/>\n<meta property=\"og:title\" content=\"L&#8217;art et la ville - \u00c9ditions Cercle d&#039;Art\" \/>\n<meta property=\"og:description\" content=\"Apr\u00e8s avoir publi\u00e9 L&#8217;Art dans la ville (Editions Cercle d&#8217;art, 2000) et La Ville dans l&#8217;art (Editions Cercle d&#8217;art, 2001), Jean-Luc Chalumeau s&#8217;interroge sur l&#8217;actualit\u00e9 de ces deux th\u00e8mes parmi les jeunes plasticiens d&#8217;aujourd&#8217;hui : trente artistes, presque tous n\u00e9s au milieu des ann\u00e9es 70, qui s&#8217;int\u00e9ressent au sujet. Un v\u00e9ritable panorama de la jeune [&hellip;]\" \/>\n<meta property=\"og:url\" content=\"https:\/\/www.cercledart.com\/en\/produit\/lart-et-la-ville\/\" \/>\n<meta property=\"og:site_name\" content=\"\u00c9ditions Cercle d&#039;Art\" \/>\n<meta property=\"article:modified_time\" content=\"2025-05-02T11:51:06+00:00\" \/>\n<meta property=\"og:image\" content=\"https:\/\/www.cercledart.com\/wp-content\/uploads\/2012\/11\/755_art_et_ville.jpg\" \/>\n\t<meta property=\"og:image:width\" content=\"291\" \/>\n\t<meta property=\"og:image:height\" content=\"400\" \/>\n\t<meta property=\"og:image:type\" content=\"image\/jpeg\" \/>\n<meta name=\"twitter:card\" content=\"summary_large_image\" \/>\n<script type=\"application\/ld+json\" class=\"yoast-schema-graph\">{\"@context\":\"https:\\\/\\\/schema.org\",\"@graph\":[{\"@type\":\"WebPage\",\"@id\":\"https:\\\/\\\/www.cercledart.com\\\/en\\\/produit\\\/lart-et-la-ville\\\/\",\"url\":\"https:\\\/\\\/www.cercledart.com\\\/en\\\/produit\\\/lart-et-la-ville\\\/\",\"name\":\"L&#8217;art et la ville - \u00c9ditions Cercle d&#039;Art\",\"isPartOf\":{\"@id\":\"https:\\\/\\\/www.cercledart.com\\\/en\\\/#website\"},\"primaryImageOfPage\":{\"@id\":\"https:\\\/\\\/www.cercledart.com\\\/en\\\/produit\\\/lart-et-la-ville\\\/#primaryimage\"},\"image\":{\"@id\":\"https:\\\/\\\/www.cercledart.com\\\/en\\\/produit\\\/lart-et-la-ville\\\/#primaryimage\"},\"thumbnailUrl\":\"https:\\\/\\\/www.cercledart.com\\\/wp-content\\\/uploads\\\/2012\\\/11\\\/755_art_et_ville.jpg\",\"datePublished\":\"2012-11-11T17:08:49+00:00\",\"dateModified\":\"2025-05-02T11:51:06+00:00\",\"breadcrumb\":{\"@id\":\"https:\\\/\\\/www.cercledart.com\\\/en\\\/produit\\\/lart-et-la-ville\\\/#breadcrumb\"},\"inLanguage\":\"en-US\",\"potentialAction\":[{\"@type\":\"ReadAction\",\"target\":[\"https:\\\/\\\/www.cercledart.com\\\/en\\\/produit\\\/lart-et-la-ville\\\/\"]}]},{\"@type\":\"ImageObject\",\"inLanguage\":\"en-US\",\"@id\":\"https:\\\/\\\/www.cercledart.com\\\/en\\\/produit\\\/lart-et-la-ville\\\/#primaryimage\",\"url\":\"https:\\\/\\\/www.cercledart.com\\\/wp-content\\\/uploads\\\/2012\\\/11\\\/755_art_et_ville.jpg\",\"contentUrl\":\"https:\\\/\\\/www.cercledart.com\\\/wp-content\\\/uploads\\\/2012\\\/11\\\/755_art_et_ville.jpg\",\"width\":291,\"height\":400},{\"@type\":\"BreadcrumbList\",\"@id\":\"https:\\\/\\\/www.cercledart.com\\\/en\\\/produit\\\/lart-et-la-ville\\\/#breadcrumb\",\"itemListElement\":[{\"@type\":\"ListItem\",\"position\":1,\"name\":\"Accueil\",\"item\":\"https:\\\/\\\/www.cercledart.com\\\/en\\\/\"},{\"@type\":\"ListItem\",\"position\":2,\"name\":\"Shop\",\"item\":\"https:\\\/\\\/www.cercledart.com\\\/en\\\/shop\\\/\"},{\"@type\":\"ListItem\",\"position\":3,\"name\":\"L&#8217;art et la ville\"}]},{\"@type\":\"WebSite\",\"@id\":\"https:\\\/\\\/www.cercledart.com\\\/en\\\/#website\",\"url\":\"https:\\\/\\\/www.cercledart.com\\\/en\\\/\",\"name\":\"\u00c9ditions Cercle d&#039;Art\",\"description\":\"\",\"publisher\":{\"@id\":\"https:\\\/\\\/www.cercledart.com\\\/en\\\/#organization\"},\"potentialAction\":[{\"@type\":\"SearchAction\",\"target\":{\"@type\":\"EntryPoint\",\"urlTemplate\":\"https:\\\/\\\/www.cercledart.com\\\/en\\\/?s={search_term_string}\"},\"query-input\":{\"@type\":\"PropertyValueSpecification\",\"valueRequired\":true,\"valueName\":\"search_term_string\"}}],\"inLanguage\":\"en-US\"},{\"@type\":\"Organization\",\"@id\":\"https:\\\/\\\/www.cercledart.com\\\/en\\\/#organization\",\"name\":\"Cercle d'Art\",\"url\":\"https:\\\/\\\/www.cercledart.com\\\/en\\\/\",\"logo\":{\"@type\":\"ImageObject\",\"inLanguage\":\"en-US\",\"@id\":\"https:\\\/\\\/www.cercledart.com\\\/en\\\/#\\\/schema\\\/logo\\\/image\\\/\",\"url\":\"https:\\\/\\\/www.cercledart.com\\\/wp-content\\\/uploads\\\/2025\\\/04\\\/LogoCA2025.png\",\"contentUrl\":\"https:\\\/\\\/www.cercledart.com\\\/wp-content\\\/uploads\\\/2025\\\/04\\\/LogoCA2025.png\",\"width\":896,\"height\":101,\"caption\":\"Cercle d'Art\"},\"image\":{\"@id\":\"https:\\\/\\\/www.cercledart.com\\\/en\\\/#\\\/schema\\\/logo\\\/image\\\/\"}}]}<\/script>\n<!-- \/ Yoast SEO plugin. -->","yoast_head_json":{"title":"L&#8217;art et la ville - \u00c9ditions Cercle d&#039;Art","robots":{"index":"index","follow":"follow","max-snippet":"max-snippet:-1","max-image-preview":"max-image-preview:large","max-video-preview":"max-video-preview:-1"},"canonical":"https:\/\/www.cercledart.com\/en\/produit\/lart-et-la-ville\/","og_locale":"en_US","og_type":"article","og_title":"L&#8217;art et la ville - \u00c9ditions Cercle d&#039;Art","og_description":"Apr\u00e8s avoir publi\u00e9 L&#8217;Art dans la ville (Editions Cercle d&#8217;art, 2000) et La Ville dans l&#8217;art (Editions Cercle d&#8217;art, 2001), Jean-Luc Chalumeau s&#8217;interroge sur l&#8217;actualit\u00e9 de ces deux th\u00e8mes parmi les jeunes plasticiens d&#8217;aujourd&#8217;hui : trente artistes, presque tous n\u00e9s au milieu des ann\u00e9es 70, qui s&#8217;int\u00e9ressent au sujet. Un v\u00e9ritable panorama de la jeune [&hellip;]","og_url":"https:\/\/www.cercledart.com\/en\/produit\/lart-et-la-ville\/","og_site_name":"\u00c9ditions Cercle d&#039;Art","article_modified_time":"2025-05-02T11:51:06+00:00","og_image":[{"width":291,"height":400,"url":"https:\/\/www.cercledart.com\/wp-content\/uploads\/2012\/11\/755_art_et_ville.jpg","type":"image\/jpeg"}],"twitter_card":"summary_large_image","schema":{"@context":"https:\/\/schema.org","@graph":[{"@type":"WebPage","@id":"https:\/\/www.cercledart.com\/en\/produit\/lart-et-la-ville\/","url":"https:\/\/www.cercledart.com\/en\/produit\/lart-et-la-ville\/","name":"L&#8217;art et la ville - \u00c9ditions Cercle d&#039;Art","isPartOf":{"@id":"https:\/\/www.cercledart.com\/en\/#website"},"primaryImageOfPage":{"@id":"https:\/\/www.cercledart.com\/en\/produit\/lart-et-la-ville\/#primaryimage"},"image":{"@id":"https:\/\/www.cercledart.com\/en\/produit\/lart-et-la-ville\/#primaryimage"},"thumbnailUrl":"https:\/\/www.cercledart.com\/wp-content\/uploads\/2012\/11\/755_art_et_ville.jpg","datePublished":"2012-11-11T17:08:49+00:00","dateModified":"2025-05-02T11:51:06+00:00","breadcrumb":{"@id":"https:\/\/www.cercledart.com\/en\/produit\/lart-et-la-ville\/#breadcrumb"},"inLanguage":"en-US","potentialAction":[{"@type":"ReadAction","target":["https:\/\/www.cercledart.com\/en\/produit\/lart-et-la-ville\/"]}]},{"@type":"ImageObject","inLanguage":"en-US","@id":"https:\/\/www.cercledart.com\/en\/produit\/lart-et-la-ville\/#primaryimage","url":"https:\/\/www.cercledart.com\/wp-content\/uploads\/2012\/11\/755_art_et_ville.jpg","contentUrl":"https:\/\/www.cercledart.com\/wp-content\/uploads\/2012\/11\/755_art_et_ville.jpg","width":291,"height":400},{"@type":"BreadcrumbList","@id":"https:\/\/www.cercledart.com\/en\/produit\/lart-et-la-ville\/#breadcrumb","itemListElement":[{"@type":"ListItem","position":1,"name":"Accueil","item":"https:\/\/www.cercledart.com\/en\/"},{"@type":"ListItem","position":2,"name":"Shop","item":"https:\/\/www.cercledart.com\/en\/shop\/"},{"@type":"ListItem","position":3,"name":"L&#8217;art et la ville"}]},{"@type":"WebSite","@id":"https:\/\/www.cercledart.com\/en\/#website","url":"https:\/\/www.cercledart.com\/en\/","name":"\u00c9ditions Cercle d&#039;Art","description":"","publisher":{"@id":"https:\/\/www.cercledart.com\/en\/#organization"},"potentialAction":[{"@type":"SearchAction","target":{"@type":"EntryPoint","urlTemplate":"https:\/\/www.cercledart.com\/en\/?s={search_term_string}"},"query-input":{"@type":"PropertyValueSpecification","valueRequired":true,"valueName":"search_term_string"}}],"inLanguage":"en-US"},{"@type":"Organization","@id":"https:\/\/www.cercledart.com\/en\/#organization","name":"Cercle d'Art","url":"https:\/\/www.cercledart.com\/en\/","logo":{"@type":"ImageObject","inLanguage":"en-US","@id":"https:\/\/www.cercledart.com\/en\/#\/schema\/logo\/image\/","url":"https:\/\/www.cercledart.com\/wp-content\/uploads\/2025\/04\/LogoCA2025.png","contentUrl":"https:\/\/www.cercledart.com\/wp-content\/uploads\/2025\/04\/LogoCA2025.png","width":896,"height":101,"caption":"Cercle d'Art"},"image":{"@id":"https:\/\/www.cercledart.com\/en\/#\/schema\/logo\/image\/"}}]}},"_links":{"self":[{"href":"https:\/\/www.cercledart.com\/en\/wp-json\/wp\/v2\/product\/51140","targetHints":{"allow":["GET"]}}],"collection":[{"href":"https:\/\/www.cercledart.com\/en\/wp-json\/wp\/v2\/product"}],"about":[{"href":"https:\/\/www.cercledart.com\/en\/wp-json\/wp\/v2\/types\/product"}],"wp:featuredmedia":[{"embeddable":true,"href":"https:\/\/www.cercledart.com\/en\/wp-json\/wp\/v2\/media\/4916"}],"wp:attachment":[{"href":"https:\/\/www.cercledart.com\/en\/wp-json\/wp\/v2\/media?parent=51140"}],"wp:term":[{"taxonomy":"product_brand","embeddable":true,"href":"https:\/\/www.cercledart.com\/en\/wp-json\/wp\/v2\/product_brand?post=51140"},{"taxonomy":"product_cat","embeddable":true,"href":"https:\/\/www.cercledart.com\/en\/wp-json\/wp\/v2\/product_cat?post=51140"},{"taxonomy":"product_tag","embeddable":true,"href":"https:\/\/www.cercledart.com\/en\/wp-json\/wp\/v2\/product_tag?post=51140"}],"curies":[{"name":"wp","href":"https:\/\/api.w.org\/{rel}","templated":true}]}}

<p>Après avoir publié <em>L&#8217;Art dans la ville</em> (Editions Cercle d&#8217;art, 2000) et <em>La Ville dans l&#8217;art</em> (Editions Cercle d&#8217;art, 2001), Jean-Luc Chalumeau s&#8217;interroge sur l&#8217;actualité de ces deux thèmes parmi les jeunes plasticiens d&#8217;aujourd&#8217;hui : <strong>trente artistes, presque tous nés au milieu des années 70</strong>, qui s&#8217;intéressent au sujet.</p>
<p>Un véritable panorama de la jeune création contemporaine en résulte. Les propositions actuelles ne témoignent d&#8217;aucun complexe vis-à-vis de celles du passé, elles rivalisent avec ces dernières au contraire, et témoignent d&#8217;une réjouissance rivalité.</p>

<p>Après avoir publié L&#8217;Art dans la ville (Editions Cercle d&#8217;art, 2000) et La Ville dans l&#8217;art (Editions Cercle d&#8217;art, 2001), Jean-Luc Chalumeau s&#8217;interroge sur l&#8217;actualité de ces deux thèmes parmi les jeunes plasticiens d&#8217;aujourd&#8217;hui : trente artistes, presque tous nés au milieu des années 70, qui s&#8217;intéressent au sujet. Un véritable panorama de la jeune [&hellip;]</p>

<!-- This site is optimized with the Yoast SEO plugin v27.5 - https://yoast.com/product/yoast-seo-wordpress/ -->
<title>L&#8217;art et la ville - Éditions Cercle d&#039;Art</title>
<meta name="robots" content="index, follow, max-snippet:-1, max-image-preview:large, max-video-preview:-1" />
<link rel="canonical" href="https://www.cercledart.com/en/produit/lart-et-la-ville/" />
<meta property="og:locale" content="en_US" />
<meta property="og:type" content="article" />
<meta property="og:title" content="L&#8217;art et la ville - Éditions Cercle d&#039;Art" />
<meta property="og:description" content="Après avoir publié L&#8217;Art dans la ville (Editions Cercle d&#8217;art, 2000) et La Ville dans l&#8217;art (Editions Cercle d&#8217;art, 2001), Jean-Luc Chalumeau s&#8217;interroge sur l&#8217;actualité de ces deux thèmes parmi les jeunes plasticiens d&#8217;aujourd&#8217;hui : trente artistes, presque tous nés au milieu des années 70, qui s&#8217;intéressent au sujet. Un véritable panorama de la jeune [&hellip;]" />
<meta property="og:url" content="https://www.cercledart.com/en/produit/lart-et-la-ville/" />
<meta property="og:site_name" content="Éditions Cercle d&#039;Art" />
<meta property="article:modified_time" content="2025-05-02T11:51:06+00:00" />
<meta property="og:image" content="https://www.cercledart.com/wp-content/uploads/2012/11/755_art_et_ville.jpg" />
	<meta property="og:image:width" content="291" />
	<meta property="og:image:height" content="400" />
	<meta property="og:image:type" content="image/jpeg" />
<meta name="twitter:card" content="summary_large_image" />
<script type="application/ld+json" class="yoast-schema-graph">{"@context":"https:\/\/schema.org","@graph":[{"@type":"WebPage","@id":"https:\/\/www.cercledart.com\/en\/produit\/lart-et-la-ville\/","url":"https:\/\/www.cercledart.com\/en\/produit\/lart-et-la-ville\/","name":"L&#8217;art et la ville - Éditions Cercle d&#039;Art","isPartOf":{"@id":"https:\/\/www.cercledart.com\/en\/#website"},"primaryImageOfPage":{"@id":"https:\/\/www.cercledart.com\/en\/produit\/lart-et-la-ville\/#primaryimage"},"image":{"@id":"https:\/\/www.cercledart.com\/en\/produit\/lart-et-la-ville\/#primaryimage"},"thumbnailUrl":"https:\/\/www.cercledart.com\/wp-content\/uploads\/2012\/11\/755_art_et_ville.jpg","datePublished":"2012-11-11T17:08:49+00:00","dateModified":"2025-05-02T11:51:06+00:00","breadcrumb":{"@id":"https:\/\/www.cercledart.com\/en\/produit\/lart-et-la-ville\/#breadcrumb"},"inLanguage":"en-US","potentialAction":[{"@type":"ReadAction","target":["https:\/\/www.cercledart.com\/en\/produit\/lart-et-la-ville\/"]}]},{"@type":"ImageObject","inLanguage":"en-US","@id":"https:\/\/www.cercledart.com\/en\/produit\/lart-et-la-ville\/#primaryimage","url":"https:\/\/www.cercledart.com\/wp-content\/uploads\/2012\/11\/755_art_et_ville.jpg","contentUrl":"https:\/\/www.cercledart.com\/wp-content\/uploads\/2012\/11\/755_art_et_ville.jpg","width":291,"height":400},{"@type":"BreadcrumbList","@id":"https:\/\/www.cercledart.com\/en\/produit\/lart-et-la-ville\/#breadcrumb","itemListElement":[{"@type":"ListItem","position":1,"name":"Accueil","item":"https:\/\/www.cercledart.com\/en\/"},{"@type":"ListItem","position":2,"name":"Shop","item":"https:\/\/www.cercledart.com\/en\/shop\/"},{"@type":"ListItem","position":3,"name":"L&#8217;art et la ville"}]},{"@type":"WebSite","@id":"https:\/\/www.cercledart.com\/en\/#website","url":"https:\/\/www.cercledart.com\/en\/","name":"Éditions Cercle d&#039;Art","description":"","publisher":{"@id":"https:\/\/www.cercledart.com\/en\/#organization"},"potentialAction":[{"@type":"SearchAction","target":{"@type":"EntryPoint","urlTemplate":"https:\/\/www.cercledart.com\/en\/?s={search_term_string}"},"query-input":{"@type":"PropertyValueSpecification","valueRequired":true,"valueName":"search_term_string"}}],"inLanguage":"en-US"},{"@type":"Organization","@id":"https:\/\/www.cercledart.com\/en\/#organization","name":"Cercle d'Art","url":"https:\/\/www.cercledart.com\/en\/","logo":{"@type":"ImageObject","inLanguage":"en-US","@id":"https:\/\/www.cercledart.com\/en\/#\/schema\/logo\/image\/","url":"https:\/\/www.cercledart.com\/wp-content\/uploads\/2025\/04\/LogoCA2025.png","contentUrl":"https:\/\/www.cercledart.com\/wp-content\/uploads\/2025\/04\/LogoCA2025.png","width":896,"height":101,"caption":"Cercle d'Art"},"image":{"@id":"https:\/\/www.cercledart.com\/en\/#\/schema\/logo\/image\/"}}]}</script>
<!-- / Yoast SEO plugin. -->

L&#8217;art et la ville - Éditions Cercle d&#039;Art

Après avoir publié L&#8217;Art dans la ville (Editions Cercle d&#8217;art, 2000) et La Ville dans l&#8217;art (Editions Cercle d&#8217;art, 2001), Jean-Luc Chalumeau s&#8217;interroge sur l&#8217;actualité de ces deux thèmes parmi les jeunes plasticiens d&#8217;aujourd&#8217;hui : trente artistes, presque tous nés au milieu des années 70, qui s&#8217;intéressent au sujet. Un véritable panorama de la jeune [&hellip;]

Éditions Cercle d&#039;Art
